et c(d) = -d**3 - 20*d**2 + 21*d - 50. Determine c(-21).
-50
Let n(c) = 3*c**2 + 49*c + 150. Calculate n(-3).
30
Let x(w) = -w**3 + 17*w**2 - 39*w - 26. Calculate x(11).
271
Let h(m) = -1019*m + 14266. Calculate h(14).
0
Let o(z) = 139*z**2 - 11*z - 29. Determine o(-2).
549
Let c(s) = -s**2 + 73*s + 474. Calculate c(-6).
0
Let p(l) = 14*l - 871. Determine p(61).
-17
Let w(u) = u**2 - 244*u + 1924. Determine w(8).
36
Let p(w) = 13*w**2 - 45*w - 21. Calculate p(4).
7
Let f(c) = 11*c**2 + 43*c - 136. What is f(3)?
92
Let m(y) = -17*y + 404. Give m(18).
98
Let v(o) = o**2 + 44*o - 56. Calculate v(-32).
-440
Let u(g) = g**2 + 62*g + 625. Calculate u(-51).
64
Let z(w) = w**2 + 7*w + 3. What is z(-19)?
231
Let b(l) = l**3 - 9*l**2 + 9*l - 130. Calculate b(9).
-49
Let v(l) = -l**2 - 64*l - 857. Determine v(-45).
-2
Let n(a) = -43*a**2 - 860*a - 12. What is n(-20)?
-12
Let a(b) = 1440*b - 7136. Determine a(5).
64
Let q(z) = z**2 - 140*z + 1394. Calculate q(129).
-25
Let i(p) = 30*p + 967. Calculate i(-36).
-113
Let v(y) = -7*y + 72. Calculate v(-9).
135
Let j(h) = -141*h**2 - 1677*h + 27. What is j(-12)?
-153
Let h(n) = -4*n - 6. Calculate h(26).
-110
Let r(c) = -10*c**3 - 8*c**2 - 19*c - 8. Calculate r(-2).
78
Let f(g) = -g**2 + 166*g + 4141. Determine f(-22).
5
Let i(k) = -44*k - 636. Determine i(-14).
-20
Let v(n) = -35*n - 4585. Determine v(-133).
70
Let n(s) = s**2 - 433*s + 7465. Calculate n(18).
-5
Let v(a) = 5*a**2 + 98*a - 530. What is v(-24)?
-2
Let u(z) = 4*z**2 - 277*z - 2384. What is u(77)?
3
Let g(h) = 18*h**2 + 4*h + 19. Calculate g(0).
19
Let a(y) = 2*y**2 - 197*y + 4820. Calculate a(53).
-3
Let g(k) = 2*k**3 + 40*k**2 + 37*k - 32. What is g(-19)?
-13
Let h(t) = -120*t - 97. Determine h(-2).
143
Let p(y) = y**3 + 13*y**2 - 30*y + 65. Give p(-15).
65
Let c(k) = -k**3 + 24*k**2 + 25*k + 47. Calculate c(25).
47
Let d(v) = v**3 - 5*v**2 - 15*v - 12. Give d(8).
60
Let v(l) = -l**3 - 17*l**2 + 20*l + 339. Calculate v(-17).
-1
Let f(q) = -84*q + 7885. Determine f(94).
-11
Let d(g) = 2*g**2 - 3*g - 52. Calculate d(5).
-17
Let o(t) = -t**2 - 83*t - 728. Calculate o(-10).
2
Let z(n) = -n**3 - 15*n**2 - 3*n - 42. Calculate z(-7).
-413
Let j(i) = 3*i**2 + 62*i - 199. Calculate j(3).
14
Let v(t) = 243*t + 1139. Calculate v(-5).
-76
Let p(r) = -25*r - 332. Give p(-9).
-107
Let d(x) = -10*x**3 - 53*x**2 - 53*x - 3. What is d(-4)?
1
Let l(p) = -204*p - 6711. Determine l(-33).
21
Let o(c) = 12*c**2 + 170*c + 630. Give o(-8).
38
Let l(t) = -t**2 - 149*t - 1128. Give l(-8).
0
Let y(w) = 33*w + 822. Calculate y(-28).
-102
Let c(r) = -145*r + 15084. Determine c(104).
4
Let a(j) = -13669*j + 41005. Give a(3).
-2
Let x(p) = 3*p - 180. Calculate x(31).
-87
Let w(n) = -n**3 + 28*n**2 - 44*n + 464. Determine w(27).
5
Let l(h) = -3*h**3 + 36*h**2 - 56*h + 48. What is l(10)?
88
Let q(z) = -641*z + 638. What is q(1)?
-3
Let u(f) = 2*f**3 - 17*f**2 + 31*f - 12. Give u(6).
-6
Let y(k) = 523*k - 540. Calculate y(0).
-540
Let t(g) = g**3 - 3*g**2 - 12*g + 19. What is t(2)?
-9
Let j(p) = -16*p**2 + 909*p + 910. Calculate j(-1).
-15
Let o(b) = b**3 + 10*b**2 - 90*b - 568. What is o(-14)?
-92
Let t(c) = -29*c - 26. What is t(0)?
-26
Let q(h) = -16*h - 1046. Determine q(-54).
-182
Let h(j) = j**3 - 72*j**2 + 230*j - 1584. Calculate h(69).
3
Let h(g) = 114*g + 15960. Give h(-140).
0
Let n(w) = 26*w**2 + 80*w. Calculate n(-3).
-6
Let u(h) = 2*h**3 - 42*h**2 + 37*h + 163. Calculate u(20).
103
Let s(j) = -1498*j + 20978. Give s(14).
6
Let o(v) = -265*v - 3679. Calculate o(-14).
31
Let m(r) = r**3 - 20*r**2 + 31*r + 92. What is m(18)?
2
Let p(t) = t**3 + 4*t**2 + 27. Calculate p(-6).
-45
Let y(l) = l**3 + 36*l**2 + 273*l - 39. Calculate y(-26).
-377
Let g(p) = p**2 - 146*p + 5002. What is g(55)?
-3
Let p(g) = -184*g - 912. What is p(-5)?
8
Let p(f) = f**3 + 26*f**2 + 30*f - 9. Calculate p(-25).
-134
Let m(i) = -20*i - 89. Determine m(-11).
131
Let b(s) = 2*s**3 - 13*s**2 - 17*s + 6. Give b(7).
-64
Let s(b) = 2*b**2 + 315*b + 6921. Calculate s(-131).
-22
Let q(j) = 3*j**2 + 10*j + 6. Determine q(-5).
31
Let m(n) = 5*n**3 - 4*n**2 - 3*n - 2. Give m(-3).
-164
Let j(y) = 3*y**3 - 42*y**2 - 2*y + 26. Give j(14).
-2
Let h(y) = y**3 - 41*y**2 + 47*y - 296. Calculate h(40).
-16
Let i(a) = 217*a + 15463. What is i(-71)?
56
Let k(f) = -f**2 + 57*f + 137. Calculate k(65).
-383
Let f(k) = 71*k - 3689. Determine f(52).
3
Let m(j) = -3*j**3 + 318*j**2 - 1. Give m(106).
-1
Let a(t) = -t**3 - 10*t**2 - 3*t. Calculate a(-11).
154
Let d(g) = 39*g**2 + 14*g - 14. Give d(1).
39
Let u(p) = -p**3 - 21*p**2 + 96*p + 2724. Determine u(-18).
24
Let i(n) = -n**3 - 12*n**2 - 10*n + 24. Calculate i(-7).
-151
Let o(j) = -j**3 - 44*j**2 - 41*j + 80. What is o(-43)?
-6
Let l(h) = -h**3 + 43*h**2 + 6179*h + 102. Calculate l(103).
-1
Let u(h) = -6*h**2 - 135*h - 6. Determine u(0).
-6
Let u(y) = -2*y**3 + 30*y**2 + 17*y + 54. Give u(16).
-186
Let f(m) = 2*m**2 - 20*m - 25. Calculate f(15).
125
Let o(h) = 15*h - 1121. Determine o(54).
-311
Let j(q) = -5*q**2 + 109*q + 693. Calculate j(-5).
23
Let i(q) = -q**3 + 52*q**2 - 99*q - 35. Give i(50).
15
Let s(n) = n**3 - 7*n**2 + 16*n + 20. What is s(6)?
80
Let v(o) = 127*o + 9283. Calculate v(-73).
12
Let o(i) = 11*i**3 - 45*i**2 + 7*i - 9. What is o(4)?
3
Let m(j) = -j**3 + 3*j**2 + 32*j + 108. Calculate m(-6).
240
Let r(a) = -229*a - 1337. What is r(-6)?
37
Let y(q) = q**2 - 37*q - 17. Give y(0).
-17
Let o(d) = -3*d**2 + 63*d + 32. Calculate o(21).
32
Let b(o) = -o**3 + 32*o**2 + 144*o + 98. Give b(36).
98
Let v(c) = -4*c**2 - 18*c - 3. Calculate v(-4).
5
Let z(g) = 436*g + 15709. Give z(-36).
13
Let c(d) = -d**3 - 22*d**2 - 24*d - 47. Give c(-21).
16
Let x(y) = y**3 - 13*y**2 - 4*y + 74. Give x(8).
-278
Let q(z) = 50*z**2 + 352*z - 3. What is q(-7)?
-17
Let x(m) = -5*m**3 + 160*m**2 + 6*m - 79. What is x(32)?
113
Let j(r) = -13*r + 211. Determine j(11).
68
Let w(y) = 25*y - 382. What is w(25)?
243
Let y(j) = -j**2 + 235*j - 4298. What is y(20)?
2
Let b(w) = -w**3 - 52*w**2 - 140*w + 43. Calculate b(-49).
-300
Let k(d) = d**3 + 16*d**2 - 12*d + 52. Calculate k(-17).
-33
Let t(p) = 45*p + 137. Determine t(-2).
47
Let w(k) = k**3 + 96*k**2 + 96*k + 72. What is w(-95)?
-23
Let h(w) = -w**3 + 91*w**2 - 100*w + 904. Give h(90).
4
Let q(s) = 2*s**2 + 31*s + 45. Give q(-17).
96
Let l(y) = -y**3 + 9*y**2 - 6*y - 38. Give l(5).
32
Let c(h) = 28*h - 1200. Determine c(41).
-52
Let s(b) = -2*b**3 + 13*b**2 + 62*b + 35. Calculate s(10).
-45
Let l(t) = -4*t**2 - 22*t - 45. Give l(-2).
-17
Let v(k) = k**3 + 53*k**2 - 7*k - 111. Give v(-53).
260
Let u(t) = 173*t - 777. Determine u(6).
261
Let n(c) = 24*c**2 + 110*c + 27. Determine n(-5).
77
Let s(l) = -292*l - 2039. What is s(-7)?
5
Let i(q) = 269*q**3 + q**2 + 4*q + 2. Determine i(-1).
-270
Let c(q) = q**2 + 2*q - 33. What is c(-5)?
-18
Let t(p) = -5*p**2 - 12*p - 5. What is t(-5)?
-70
Let x(f) = f**3 + 9*f**2 - 13*f + 11. What is x(-11)?
-88
Let i(d) = -d**3 + 18*d**2 - 42*d - 28. Determine i(14).
168
Let m(o) = -o**2 - 72*o - 5. Give m(0).
-5
Let u(t) = t**3 - 4*t**2 + 135*t - 885. Determine u(6).
-3
Let d(p) = 3*p - 90. Give d(26).
-12
Let v(x) = -9*x**2 - 14*x + 20. Determine v(2).
-44
Let y(o) = -o**3 + 61*o**2 + 6*o - 355. Determine y(61).
11
Let m(x) = x**2 + 353*x - 4762. Give m(13).
-4
Let t(k) = 413*k + 78474. Determine t(-190).
4
Let r(v) = 20*v**2 - 312*v + 180. Determine r(15).
0
Let h(v) = 41*v + 455. What is h(-11)?
4
Let p(x) = -16*x - 3. Determine p(-2).
29
Let f(p) = 3*p**2 - 20*p + 20. What is f(9)?
83
Let a(h) = -2*h**2 + 2771*h + 8325. What is a(-3)?
-6
Let x(p) = -p**2 + 25*p + 808. Determine x(-19).
-28
Let c(r) = -36*r - 121. Calculate c(-3).
-13
Let t(l) = 124*l**3 + 3*l**2 - 7*l + 4. Determine t(1).
124
Let v(b) = 4*b - 261. Determine v(37).
-113
Let a(q) = 38*q**2 + 495*q + 8. What is a(-13)?
-5
Let g(r) = -5*r + 72. What is g(-4)?
92
Let l(a) = 6*a**2 - 33*a - 264. Give l(10).
6
Let z(n) = 2*n**3 - 39*n**2 - 23*n + 150. Calculate z(20).
90
Let u(i) = -i**3 - 19*i**2 - 83*i - 1165. Determine u(-18).
5
Let v(b) = -46*b**2 - 806*b - 1731. Determine v(-15).
9
Let l(r) = 114*r + 7737. Give l(-68).
-15
Let j(n) = -n**3 - 28*n**2 - 51*n + 1. Determine j(-26).
-25
Let w(p) = -3*p**2 + 48*p - 271. Determine